hen 64714256 is divided by 21571412.
20
What is the remainder when 7352161 is divided by 1835?
1151
What is the remainder when 24214775 is divided by 282?
281
What is the remainder when 281183 is divided by 1465?
1368
Calculate the remainder when 180020 is divided by 500.
20
What is the remainder when 11197947 is divided by 2799484?
11
What is the remainder when 21816915 is divided by 269?
208
What is the remainder when 5913988 is divided by 287?
66
What is the remainder when 2203332 is divided by 312?
300
Calculate the remainder when 355727700 is divided by 642.
636
Calculate the remainder when 797898 is divided by 7252.
178
What is the remainder when 163139984 is divided by 166?
164
What is the remainder when 499067 is divided by 29355?
32
What is the remainder when 73967 is divided by 24628?
83
Calculate the remainder when 130638 is divided by 3634.
3448
What is the remainder when 7579780 is divided by 947468?
36
What is the remainder when 1160313 is divided by 25?
13
Calculate the remainder when 82999 is divided by 399.
7
Calculate the remainder when 619640 is divided by 18560.
7160
Calculate the remainder when 56739 is divided by 107.
29
Calculate the remainder when 1492030 is divided by 21.
1
Calculate the remainder when 1024585 is divided by 4901.
276
What is the remainder when 388256 is divided by 2132?
232
What is the remainder when 5915643 is divided by 21669?
6
Calculate the remainder when 254573 is divided by 767.
696
Calculate the remainder when 2303898 is divided by 103.
97
Calculate the remainder when 4327302 is divided by 56938.
14
Calculate the remainder when 1183888 is divided by 522.
514
What is the remainder when 134713 is divided by 6379?
754
Calculate the remainder when 96340 is divided by 1606.
1586
Calculate the remainder when 7483720 is divided by 675.
670
Calculate the remainder when 38387 is divided by 737.
63
What is the remainder when 1128984383 is divided by 1392?
1391
What is the remainder when 5141260 is divided by 149?
15
Calculate the remainder when 5417551 is divided by 12.
7
Calculate the remainder when 264678 is divided by 88195.
93
What is the remainder when 358488 is divided by 1545?
48
Calculate the remainder when 2478139 is divided by 253.
4
What is the remainder when 723386 is divided by 24?
2
Calculate the remainder when 9284846 is divided by 183.
158
What is the remainder when 175622 is divided by 341?
7
What is the remainder when 415291 is divided by 31944?
19
What is the remainder when 787873 is divided by 244?
241
Calculate the remainder when 81786232 is divided by 27.
19
Calculate the remainder when 5284288 is divided by 8348.
4
Calculate the remainder when 116775183 is divided by 3578.
3575
What is the remainder when 3102447 is divided by 1551202?
43
Calculate the remainder when 45987387 is divided by 45.
42
What is the remainder when 24907866 is divided by 6226960?
26
What is the remainder when 5937161 is divided by 287?
279
Calculate the remainder when 75341 is divided by 64.
13
What is the remainder when 12971 is divided by 5551?
1869
Calculate the remainder when 92473 is divided by 858.
667
What is the remainder when 233867509 is divided by 452?
449
Calculate the remainder when 3007290 is divided by 92.
86
Calculate the remainder when 20445 is divided by 10211.
23
What is the remainder when 2481376 is divided by 133?
128
Calculate the remainder when 91592 is divided by 86900.
4692
Calculate the remainder when 118335 is divided by 103.
91
Calculate the remainder when 87638054 is divided by 21909511.
10
Calculate the remainder when 1048373404 is divided by 1146.
1144
What is the remainder when 739411 is divided by 1802?
591
Calculate the remainder when 61156960 is divided by 9209.
9200
Calculate the remainder when 4747459 is divided by 137.
135
What is the remainder when 430918 is divided by 201?
175
What is the remainder when 11098081 is divided by 3699360?
1
What is the remainder when 78407 is divided by 38221?
1965
Calculate the remainder when 2380853 is divided by 118991.
1033
Calculate the remainder when 163403 is divided by 81596.
211
Calculate the remainder when 255016 is divided by 63061.
2772
Calculate the remainder when 3796894 is divided by 8.
6
What is the remainder when 156200 is divided by 144?
104
Calculate the remainder when 7851807 is divided by 1892.
7
Calculate the remainder when 6708358 is divided by 5274.
5104
What is the remainder when 606699 is divided by 951?
912
Calculate the remainder when 242981 is divided by 790.
451
What is the remainder when 295109 is divided by 47?
43
What is the remainder when 9377249 is divided by 5?
4
What is the remainder when 46824 is divided by 43?
40
Calculate the remainder when 103418 is divided by 51631.
156
Calculate the remainder when 33236 is divided by 16051.
1134
Calculate the remainder when 133166 is divided by 62.
52
Calculate the remainder when 250097 is divided by 11905.
92
What is the remainder when 274147004 is divided by 3335?
3334
Calculate the remainder when 2288917 is divided by 99502.
371
Calculate the remainder when 1231960 is divided by 163.
6
What is the remainder when 3691523 is divided by 46144?
3
What is the remainder when 5863562 is divided by 5240?
2
What is the remainder when 15579552 is divided by 4126?
3902
What is the remainder when 1555491 is divided by 4602?
15
What is the remainder when 163032 is divided by 497?
16
What is the remainder when 80642358 is divided by 203?
202
Calculate the remainder when 106121 is divided by 87.
68
Calculate the remainder when 750305 is divided by 375149.
7
What is the remainder when 1973628 is divided by 2655?
963
Calculate the remainder when 2489636 is divided by 14.
2
Calculate the remainder when 98377476 is divided by 255.
6
Calculate the remainder when 109664 is divided by 3655.
14
What is the remainder when 187267775 is divided by 372?
371
What is the remainder when 5576 is divided by 160?
136
Calculate the remainder when 360918 is divided by 185.
168
What is the remainder when 583849 is divided by 291840?
169
What is the remainder when 1179972 is divided by 18?
0
Calculate the remainder when 1091034 is divided by 1177.
1132
What is the remainder when 29038066 is divided by 43?
37
Calculate the remainder when 9190129 is divided by 301.
298
Calculate the remainder when 823122 is divided by 164618.
32
Calculate the remainder when 2300374 is divided by 606.
604
What is the remainder when 46643 is divided by 9313?
78
Calculate the remainder when 2630528 is divided by 25789.
50
Calculate the remainder when 108997939 is divided by 13.
11
Calculate the remainder when 29578060 is divided by 75.
10
Calculate the remainder when 796611 is divided by 66351.
399
Calculate the remainder when 360207 is divided by 3791.
62
What is the remainder when 20078 is divided by 107?
69
What is the remainder when 12861263 is divided by 131236?
135
What is the remainder when 2110036 is divided by 51?
13
What is the remainder when 15694119 is divided by 9933?
9912
What is the remainder when 17717 is divided by 449?
206
Calculate the remainder when 9863766 is divided by 802.
770
Calculate the remainder when 1023852 is divided by 2124.
84
Calculate the remainder when 31504 is divided by 10300.
604
What is the remainder when 6912270 is divided by 12683?
35
Calculate the remainder when 1264887 is divided by 2351.
49
What is the remainder when 379166 is divided by 11486?
128
Calculate the remainder when 68164 is divided by 22512.
628
Calculate the remainder when 71887 is divided by 35928.
31
Calculate the remainder when 688731 is divided by 14081.
12843
Calculate the remainder when 863443 is divided by 2647.
521
Calculate the remainder when 8517804 is divided by 1750.
554
What is the remainder when 2659044 is divided by 1?
0
What is the remainder when 713023 is divided by 356510?
3
What is the remainder when 74359 is divided by 670?
659
Calculate the remainder when 543264 is divided by 11085.
99
What is the remainder when 2626569 is divided by 26?
23
What is the remainder when 2246588 is divided by 4405?
38
What is the remainder when 15225709 is divided by 696?
13
What is the remainder when 144949 is divided by 48?
37
Calculate the remainder when 747578 is divided by 49837.
23
What is the remainder